{"id":27,"date":"2022-08-12T21:25:52","date_gmt":"2022-08-12T19:25:52","guid":{"rendered":"http:\/\/myadvisor.dk\/?page_id=27"},"modified":"2022-09-28T22:12:30","modified_gmt":"2022-09-28T20:12:30","slug":"forside","status":"publish","type":"page","link":"https:\/\/myadvisor.dk\/","title":{"rendered":"MyAdvisor"},"content":{"rendered":"\n<p class=\"has-text-align-left has-black-color has-text-color\">Med mere end 20 \u00e5rs erfaring inden for forretningsudvikling og -afvikling f\u00e5r du r\u00e5dgivning, der hj\u00e6lper dig til at styre din virksomhed p\u00e5 rette kurs og pejle udenom faldgruberne. <\/p>\n\n\n\n<div class=\"wp-block-columns is-layout-flex wp-container-core-columns-is-layout-9d6595d7 wp-block-columns-is-layout-flex\">\n<div class=\"wp-block-column is-layout-flow wp-block-column-is-layout-flow\" style=\"flex-basis:100%\">\n<div class=\"wp-block-group\"><div class=\"wp-block-group__inner-container is-layout-flow wp-block-group-is-layout-flow\"><figure class=\"wp-block-post-featured-image\"><img loading=\"lazy\" decoding=\"async\" width=\"1920\" height=\"800\" src=\"https:\/\/myadvisor.dk\/wp-content\/uploads\/2022\/08\/business-g90b96a4d9_1920-web.jpg\" class=\"attachment-post-thumbnail size-post-thumbnail wp-post-image\" alt=\"\" style=\"object-fit:cover;\" srcset=\"https:\/\/myadvisor.dk\/wp-content\/uploads\/2022\/08\/business-g90b96a4d9_1920-web.jpg 1920w, https:\/\/myadvisor.dk\/wp-content\/uploads\/2022\/08\/business-g90b96a4d9_1920-web-300x125.jpg 300w, https:\/\/myadvisor.dk\/wp-content\/uploads\/2022\/08\/business-g90b96a4d9_1920-web-1024x427.jpg 1024w, https:\/\/myadvisor.dk\/wp-content\/uploads\/2022\/08\/business-g90b96a4d9_1920-web-768x320.jpg 768w, https:\/\/myadvisor.dk\/wp-content\/uploads\/2022\/08\/business-g90b96a4d9_1920-web-1536x640.jpg 1536w\" sizes=\"auto, (max-width: 1920px) 100vw, 1920px\" \/><\/figure><\/div><\/div>\n<\/div>\n<\/div>\n","protected":false},"excerpt":{"rendered":"<p>Med mere end 20 \u00e5rs erfaring inden for forretningsudvikling og -afvikling f\u00e5r du r\u00e5dgivning, der hj\u00e6lper dig til at styre din virksomhed p\u00e5 rette kurs og pejle udenom faldgruberne.<\/p>\n","protected":false},"author":1,"featured_media":67,"parent":0,"menu_order":0,"comment_status":"closed","ping_status":"closed","template":"","meta":{"inline_featured_image":false,"_themeisle_gutenberg_block_has_review":false,"footnotes":""},"class_list":["post-27","page","type-page","status-publish","has-post-thumbnail","hentry"],"_links":{"self":[{"href":"https:\/\/myadvisor.dk\/index.php\/wp-json\/wp\/v2\/pages\/27","targetHints":{"allow":["GET"]}}],"collection":[{"href":"https:\/\/myadvisor.dk\/index.php\/wp-json\/wp\/v2\/pages"}],"about":[{"href":"https:\/\/myadvisor.dk\/index.php\/wp-json\/wp\/v2\/types\/page"}],"author":[{"embeddable":true,"href":"https:\/\/myadvisor.dk\/index.php\/wp-json\/wp\/v2\/users\/1"}],"replies":[{"embeddable":true,"href":"https:\/\/myadvisor.dk\/index.php\/wp-json\/wp\/v2\/comments?post=27"}],"version-history":[{"count":20,"href":"https:\/\/myadvisor.dk\/index.php\/wp-json\/wp\/v2\/pages\/27\/revisions"}],"predecessor-version":[{"id":282,"href":"https:\/\/myadvisor.dk\/index.php\/wp-json\/wp\/v2\/pages\/27\/revisions\/282"}],"wp:featuredmedia":[{"embeddable":true,"href":"https:\/\/myadvisor.dk\/index.php\/wp-json\/wp\/v2\/media\/67"}],"wp:attachment":[{"href":"https:\/\/myadvisor.dk\/index.php\/wp-json\/wp\/v2\/media?parent=27"}],"curies":[{"name":"wp","href":"https:\/\/api.w.org\/{rel}","templated":true}]}}